ndreds digit of m/3 + 616/6?
1
What is the hundreds digit of 10/(20/3978) - (3 + -2)?
9
What is the units digit of 224595/375 + (-14)/(-175)?
9
Let v = 1 + 3. Let r be (2/4)/(2/v). Let j(k) = 38*k**2 - k + 1. What is the tens digit of j(r)?
3
What is the units digit of -2 - -799 - -20*(-24)/(-60)?
5
Let w = 492 + -249. Suppose 0 = 3*k - w - 117. What is the tens digit of k?
2
Suppose 0*f = -f - 5, 0 = 5*c + 2*f - 2505. What is the hundreds digit of c?
5
Suppose -m + 3*m - z = 0, m = 5*z - 18. Suppose 0 = -3*c + 2*o + 29, -m*c + 4*o = 3*c - 49. Let y = c + 7. What is the units digit of y?
6
What is the hundreds digit of (0 - 298)/((-18)/27*1)?
4
Let c be 4/((-12)/(-9)) - 9. Let t = 12 + c. What is the units digit of -3 - 98/(t/(-3))?
6
Let x be 2*(-2 + (-34)/(-4)). Suppose 3*g + 3*t = 69, -g = -t - 4 - x. What is the units digit of g?
0
Let i(d) = -3*d + 57. What is the tens digit of i(-22)?
2
Let n(a) be the third derivative of a**4/8 + 4*a**3/3 + 3*a**2. Let v be n(15). Let b = -37 + v. What is the units digit of b?
6
Suppose 3*v + 245 - 872 = 0. Let t = v + -146. What is the units digit of t?
3
Let n = 11 + -15. Let r be ((-1)/(-2))/(n/(-72)). Let a = r + -1. What is the units digit of a?
8
What is the tens digit of -84*((-240)/216)/((-2)/(-6))?
8
Let s(x) = -6*x - 7. Let w be s(-4). Let b = w + 28. What is the units digit of b?
5
Let l(g) = -g**3 + 34*g**2 - 184*g - 18. What is the hundreds digit of l(12)?
9
Let l be (6/18)/(1/6). Let x(h) = 19*h - 1. Let d be x(l). Let y = d - 23. What is the units digit of y?
4
Let f be (-764)/12 + (-2)/6. Let c = 124 + f. What is the units digit of c?
0
Let d(v) = -4*v**3 - 13*v**2 + 7*v + 6. Let f(c) = -3*c**3 - 13*c**2 + 8*c + 5. Let j(m) = 3*d(m) - 2*f(m). What is the hundreds digit of j(-4)?
1
Suppose -1 + 1 = 7*u. Suppose c = -4*c + 750. Suppose u = v + 4*v - c. What is the tens digit of v?
3
Suppose 0 = -3*y - 56 + 62. What is the units digit of (4/(-20))/(y/(-830))?
3
Let c(o) = -48*o + 69. What is the hundreds digit of c(-5)?
3
Let i(f) = f**2 - 8*f + 18. Let g be i(3). Suppose 0*a + k - 37 = -g*a, 39 = a - 5*k. What is the tens digit of a?
1
Suppose 6*r = 13*r - 3108. What is the tens digit of r?
4
Let h(i) = 26*i**2 + 59*i - 3. What is the tens digit of h(5)?
4
Suppose -2*m + 3 - 31 = 0. Suppose i = 4*n - n - 15, i = 4*n - 18. Let t = i - m. What is the units digit of t?
8
Let g(x) = -x - 6 + 4 + 1. Let p(f) = f**3 - 6*f**2 + 8*f. Let o(l) = 3*g(l) + p(l). What is the units digit of o(6)?
7
Let l = -54 + 252. Suppose 5*w - 668 + l = 0. Let n = -50 + w. What is the units digit of n?
4
Suppose -4*g - 475 = -5*g - j, 2*g + 4*j - 940 = 0. What is the tens digit of g?
8
Suppose 0*i + 4322 = 2*a - 4*i, -3*a + 6477 = -4*i. What is the hundreds digit of a?
1
Let t(g) = 357*g - 47. What is the units digit of t(2)?
7
Suppose 2*z = -t + 4, 5 - 9 = -4*t + 4*z. Suppose -t*l = -4*l + 372. What is the hundreds digit of l?
1
Suppose 28*t = 21*t + 8778. What is the thousands digit of t?
1
Suppose 0*q = 2*q + 166. Let j = q + 173. What is the units digit of j?
0
Suppose 1225*p = 1230*p - 3585. What is the tens digit of p?
1
Suppose 0 = -2*o - 5*i - 70, -221 + 78 = 3*o - 2*i. What is the tens digit of 15/o + (-356)/(-6)?
5
Let c = -1 - 9. Let l be ((-3)/6)/(1/42). Let w = c - l. What is the units digit of w?
1
What is the thousands digit of -4 + 31234/16 + (-5)/40?
1
Let y = -16 - -22. Let p(f) = -2*f + f**2 + 3 + y*f - 2*f - f. What is the units digit of p(-2)?
5
Suppose k = 2*z - 17 - 21, -z + 5 = 0. Let r = 30 + k. Suppose 0 = -3*h, -r*p + 2*h + 205 = 3*p. What is the units digit of p?
1
Let g(k) = k**2 + 9*k + 10. Let n be g(-8). Suppose 4*p + w - 75 - 204 = 0, n*w + 10 = 0. Let i = p - 33. What is the units digit of i?
8
Let g = -2365 + 3355. What is the tens digit of g?
9
Suppose -5*l - 5*t = -40, -2*l + 4*t = 2*l - 24. Suppose -5*w + l = -4*q, -4*q + w - 9 = -2*w. What is the units digit of (-62)/(q - -1) - 1?
0
Let x(i) be the second derivative of -i**3/6 + 43*i**2/2 + 21*i. What is the tens digit of x(0)?
4
What is the units digit of ((-188)/16)/(((-2)/(-56))/(-1))?
9
Let w = 1762 - 766. What is the tens digit of w?
9
Let v(i) = 3*i**2 - 35*i + 50. What is the hundreds digit of v(-18)?
6
What is the thousands digit of 1 + -1 - (37 - 1241)?
1
Suppose -y - 4 = 3*k - 1, -3*y + 4*k = -4. Let h be y*((-3)/6)/(-1). Suppose -3*g = -h*g - 45. What is the tens digit of g?
1
Suppose 0 = -2*u - 0*u + 22. Let j(f) = f**3 - 7*f**2 + 2*f - 2. Let q be j(7). Let k = q - u. What is the units digit of k?
1
What is the units digit of 11313/27 + 0 + 0?
9
Let g = -2 - 69. Let q = 126 + g. What is the units digit of q?
5
Let v be ((-1)/4)/(1/(-4))*4. Suppose 0 = -v*l - 4*g + 160, 6*l - 3*l - 144 = 3*g. What is the units digit of l?
4
Suppose -3 = 16*c - 35. Suppose -443 = -c*d - a + 6*a, 4*d = 3*a + 851. What is the tens digit of d?
0
Let w(k) = 8*k - 5. Let t be w(-7). What is the tens digit of t/(-4) - (-7)/(-28)?
1
Let c(o) = -23*o + 450. What is the tens digit of c(0)?
5
Suppose 6*k - 8211 - 1383 = 0. What is the units digit of k?
9
Let i = 205 - 307. Let x be (-18)/(-42) - i/7. Let c = x - 7. What is the units digit of c?
8
Let f(n) = 3*n**2 - 12*n + 10. Let w(t) = t**2 + t + 1. Let x(z) = -f(z) + 5*w(z). What is the units digit of x(-10)?
5
What is the thousands digit of (-90520)/(-38) - (-20)/(-190)?
2
Let y = 843 - 478. Suppose 366 = 4*o - 2*h, 4*o + h = 2*h + y. What is the units digit of o?
1
Let w be (-6515)/45 + (-48)/(-27) + -2. Let b = -96 - w. What is the tens digit of b?
4
Let h be ((0/4)/4)/(-4). Let z = 0 - h. Suppose 5*y = 3*i + 98, z = -4*y - i - i + 74. What is the tens digit of y?
1
Let s be (-12)/(-24)*2/(-1). Let j be 2 + -3 + s + 2. Suppose j = -2*z - z + 63. What is the tens digit of z?
2
Let f(a) = 2*a**2 + a + 10. Let g be f(0). Let q = g - -5. Suppose -5*u = 2*v - v - q, 0 = 4*u + 8. What is the units digit of v?
5
Let t(q) = 37*q**2 - q - 6. Let s be t(3). Suppose -4*r = 4*o - s, r + 4*o = o + 87. What is the units digit of r?
8
Let r be 1/(56/(-20) - -3). Suppose 5*a + 4*p - 300 = 0, 3*p - 295 = -r*a - 2*p. What is the units digit of a?
4
Let a(s) = -s**2 + 70*s**3 + 0*s - s + s**2 + s**2. Let u be a(1). Let b = u - 49. What is the tens digit of b?
2
Let y be -1*(0 + 3)*(-11 - -8). Let q(f) = -f**3 + 10*f**2 + 11*f - 9. What is the units digit of q(y)?
1
Suppose -4*r = 3*p - 3*r - 3380, 0 = -4*r - 16. What is the units digit of p?
8
Suppose 0 = 3*l - 899 - 637. What is the units digit of l?
2
Suppose -787 = -2*j - 9*t + 12*t, 812 = 2*j + 2*t. What is the hundreds digit of j?
4
Let o = 12 + -10. Let p be o/2 + (-14 - -16). Suppose -p*v - 12 = -33. What is the units digit of v?
7
Let x(n) = 16*n**2 + n - 2. Let z(h) = 2*h + 34. Let q be z(-16). Let v be x(q). Suppose 92 + v = 2*l. What is the tens digit of l?
7
Let p(o) = -o**2 + 11*o + 16. Let m = 76 + -106. Let q be (-340)/m - 2/(-3). What is the units digit of p(q)?
4
What is the thousands digit of (-2)/22*-1 + (-10454622)/(-4818)?
2
Suppose 5*y + 27 = -3*q, -y = -4*q + 5*q + 7. What is the units digit of q/8*7/(21/(-54))?
9
Let w = 752 + -739. Suppose 2*j - j + 3*g = 12, 3*j + 3*g = 36. Suppose j*r - w*r = -31. What is the tens digit of r?
3
Let j(n) = -4*n + 55. Let i be j(12). Suppose 3*q + 684 = i*q. What is the hundreds digit of q?
1
Let f(s) = 4*s**3 + s**2 + 6*s - 6. Let n be (-60)/24*12/(-10). What is the tens digit of f(n)?
2
Let y = -285 + 438. What is the tens digit of y?
5
Suppose 5*m = 59 + 136. What is the units digit of m?
9
Let z = -435 + 256. What is the tens digit of (5 - 128/28) + z/(-7)?
2
Let k(r) = -r**2 - 7*r + 168. What is the units digit of k(0)?
8
Let x = 22 - 20. Suppose 2*f - 20 = -x*f. Suppose -f*c + 0*c = -270. What is the units digit of c?
4
Suppose 5*p - 431 = -4*j, 2*j + 2*p - 446 = -2*j. Let u = j + 6. What is the tens digit of u?
2
Let c be (2 + 9/6)*2. Let u be (-2)/c + 46/14. Suppose 5*n + 51 = 3*w - 2*w, u*w + 2*n - 119 = 0. What is the tens digit of w?
4
Let n be (-1)/(-4) + (-234)/8. Let z be ((-450)/(-3 - -9))/1. Let f = n - z. What is the units digit of f?
6
Let j be 2 + 5 + 12/(-4). Suppose 2*g - 5*g + 4 = -m, -j*m + 3*g - 7 = 0. What is the tens digit of -7*(-2 + m + 1)?
1
Suppose 5*o + 20 = 45.